Let s be x(3). Suppose s = 6*p - 49. What is the remainder when 59 is divided by p?
14
Let c = 68 + -36. Suppose 3*j - 278 = -c. Calculate the remainder when j is divided by 21.
19
Suppose 0 = -s + 2*s + v - 32, -3*s = -2*v - 81. Calculate the remainder when (8 + 3 + -6)/((-5)/(-115)) is divided by s.
28
Let x = -100 - -354. Calculate the remainder when x is divided by 86.
82
Let n = 2368 + -2356. Let c(w) = 2*w**2 - 7. What is the remainder when c(-5) is divided by n?
7
Suppose 77 = -5*d + 2*u - 113, d = u - 35. Let h be (d/(-10))/(1/(-7)). Let z = 69 + h. What is the remainder when z is divided by 11?
8
Let h(z) = z**3 + 5*z**2 - 33*z - 78. What is the remainder when h(-6) is divided by 80/12*18/4?
24
Let v(y) = 9*y + 68. Let r(g) = g**2 + 10*g + 1. Let c be r(-10). Let a(t) = t**3 + t. What is the remainder when v(-7) is divided by a(c)?
1
Calculate the remainder when (-1)/5*8*(47 - 57) is divided by 6.
4
Suppose -2*d = -6 - 2. Suppose -2*p + d*h + 96 = 0, 3*p - 68 = -5*h + 54. What is the remainder when p is divided by 15?
14
Suppose 1561 = 174*s - 167*s. What is the remainder when s is divided by 4?
3
Let x(u) = 3*u - 20. Let w = -2 - 3. Let g = w + 25. What is the remainder when g is divided by x(9)?
6
Let s(b) be the first derivative of b**2/2 + 13*b + 13. What is the remainder when 39 is divided by s(-5)?
7
Suppose -4*t + 6*b - 2*b + 112 = 0, 0 = -3*t - b + 104. Calculate the remainder when (2 - (-190)/2)/1 is divided by t.
31
Let k(r) = 9*r**2 + 2*r - 1. Let u(j) = j - 10. Let o be u(12). Suppose x - 18 = -3*v - 2*x, -o*x = 5*v - 36. What is the remainder when k(-2) is divided by v?
7
Let g(l) = 23*l**2 + 7*l. Let k be g(-2). Let w = -34 + k. What is the remainder when 85 is divided by w?
41
Suppose -5*h = -25, 10*h - 6*h - 44 = -u. What is the remainder when u*(0 - 51/(-12)) is divided by 13?
11
Let a(s) = s**2 - 8*s + 9. Let b be a(7). Let l be 5 + 15/(-3) - -3. Suppose 5*o - 296 = o + l*x, 148 = b*o + x. What is the remainder when o is divided by 19?
17
Suppose -40*y = -133 - 1267. What is the remainder when y is divided by 10?
5
What is the remainder when 24/(-15) + 1 - (-153)/5 is divided by 6?
0
Suppose -100 = -5*l + 55. Suppose 0 = -8*m + 30 + 34. What is the remainder when l is divided by m?
7
Suppose 2*a = -0*a + 42. Suppose 0*z - 4*z + 28 = 0. Suppose 3*x = -5*m - z, 0 = -2*x + 2*m + 6 + 16. What is the remainder when a is divided by x?
3
Suppose -2*r + 28 = 2*u, 3*u - 37 = -3*r - r. Calculate the remainder when 45 is divided by u.
7
Let g(m) = 3*m + 20. Let f be g(0). Suppose 22*q - f*q = 46. What is the remainder when q is divided by 13?
10
Suppose 4*f = -r + 26, -31*r + 36*r - 3*f = 61. Calculate the remainder when 81 is divided by r.
11
Suppose 4*k = h - 425, -1595 = -0*h - 4*h - 5*k. Calculate the remainder when ((-12)/15)/((-3)/h) is divided by 37.
34
Let x = 234 - 222. Calculate the remainder when x is divided by 6.
0
Suppose -5*i = -3*n + n - 8, 0 = -4*i + 4*n + 4. Let y(t) = -t**2 + 9*t - 5. Let a be y(8). Suppose a*l - 6 = 12. What is the remainder when l is divided by i?
0
Suppose -q = 3*q + 4. Let g(f) = -7*f**3 - 6*f - 5. What is the remainder when g(-1) is divided by q - (0 + -3 + 0)?
0
Calculate the remainder when 8/(-44) + 25458/22 is divided by 29.
26
Let t be 3*8/12 - 1. Let b(a) = 75*a - 1. Suppose -2*s + 2*r = -37 - 5, s - 3*r = 13. Calculate the remainder when b(t) is divided by s.
24
Calculate the remainder when -2 - (8/(-12) + (-1182)/9) is divided by 22.
20
Suppose -5*m - 6 + 26 = 0. Suppose 5*y - 64 = -14. What is the remainder when (-119 - -2)*m/(-12) is divided by y?
9
Suppose 0 = -6*v - 33*v + 10257. What is the remainder when v is divided by 11?
10
Let g(v) = v**3 - 12*v**2 - 15*v - 1. Let z be -2*1 - (-8 - 7). Let m be g(z). Let h = -2 - m. Calculate the remainder when h is divided by 7.
4
Let s(g) = 2*g**2 - 12*g - 14. Calculate the remainder when 49 is divided by s(8).
13
Suppose -14*l + 9*l + f = -1824, -l + 362 = -3*f. Suppose -l = -6*k + 127. What is the remainder when k is divided by 21?
19
Let u(h) = 4*h**3 + 202*h**2 - 105*h - 104. Calculate the remainder when 206 is divided by u(-51).
10
Let g(k) = 15*k**3 + k + 1. Let r be g(-1). What is the remainder when 55 is divided by 1*(-3 - -2 - r)?
13
Let j = -2497 - -3758. Calculate the remainder when j is divided by 11.
7
Suppose -3*i - 11 - 7 = 0. Let o = i + 22. Let d = -14 + 23. Calculate the remainder when o is divided by d.
7
Let z = 162 - 152. Calculate the remainder when 67 is divided by z.
7
Suppose -i - 1313 = -5*f + 725, 8 = 4*i. What is the remainder when f is divided by 18?
12
Suppose -3*x + 256 - 55 = 0. Let o(q) = q - 7. Let t be o(5). What is the remainder when x is divided by 2 - -10*(-3)/t?
16
Suppose -9 = -j - 5*h, -h - 2 + 1 = 0. Calculate the remainder when 571 is divided by j.
11
Suppose 3*i - 5*i - 3*r = -35, -4*r - 61 = -3*i. Suppose 1816 = 23*p - 323. What is the remainder when p is divided by i?
17
Let r(l) = 8*l**3 + 7*l**2 - 12*l + 3. What is the remainder when r(2) is divided by 19?
14
Let m be -2*(2 - (6 - 3)). Let q(p) = -p**3 + 2*p**2 + 4*p - 3. Let t be q(m). Let g(c) = -c**2 + 6*c. Calculate the remainder when 8 is divided by g(t).
3
Calculate the remainder when 188 is divided by 12 + 36 + 10 + 5.
62
What is the remainder when (-59 - -89)*7*2 is divided by 53?
49
What is the remainder when 157 is divided by 18 + (7 - 2) + -5?
13
Let z = -1 - -7. Let n(c) = 3 + 5 - c**2 + 12*c + 7. What is the remainder when z is divided by n(13)?
0
Suppose 0 = -75*d + 46*d + 34104. Calculate the remainder when d is divided by 107.
106
Let v be (-4)/3*(-1185)/(-10)*-1. Let j = -77 + v. Suppose -48 = -4*w + 20. Calculate the remainder when j is divided by w.
13
Let j be -25*(-5)/50*4*5. Suppose -5*u + 37 = 4*t - 58, 0 = -2*t - 2*u + j. What is the remainder when t is divided by 3?
0
Suppose 0 = -13*c + 14*c - 9. Suppose 48*b = 51*b - c. What is the remainder when b - (-42 + 1 + -4) is divided by 17?
14
Let p = -2852 + 4076. Suppose 0*u = 3*u + p. Calculate the remainder when 34 is divided by (2/(-4))/(17/u).
10
What is the remainder when 27*(-50)/30*(-5)/1 is divided by 46?
41
What is the remainder when ((-66)/(-42))/(17/119) is divided by 7?
4
Suppose -51*q + 103*q - 1485 = 2727. What is the remainder when q is divided by ((-3)/(-2))/(6/56)?
11
Let v = -367 + 383. Calculate the remainder when v is divided by 5.
1
Let x be (2 + (-30)/9)*-6. Let f(b) = -b**3 + 6*b**2 + 4. Let q be f(6). Suppose -q = 4*v, 27 = 5*m + 5*v - x. What is the remainder when 30 is divided by m?
6
Let q = 52 - 61. Let t(j) = j**2 - 2*j + 1. Calculate the remainder when t(q) is divided by 21.
16
Let s be (-4)/(-8) + (-14)/(-4). Let k be 40 - (1 - (s - 0)). Suppose k = 5*w - 92. What is the remainder when w is divided by 10?
7
Suppose -8*j = 3*j + 33. Let h = -21 + 34. What is the remainder when h is divided by (128/12)/4*j/(-2)?
1
Suppose 15 + 30 = 5*c. Let x be (2/6)/(-5 - (-155)/30). What is the remainder when c is divided by 2 + (32/4)/x?
3
Suppose -4*c - 10 + 2 = z, -5*z - 5*c = -5. Suppose 0*q - 35 = -n + 5*q, -4*n + z*q = -92. Suppose 3*h = h + 14. What is the remainder when n is divided by h?
6
Suppose 4*q = -4*s + 2*s - 110, 2*s - 6 = 0. Let t = q + 40. Suppose t*d - 94 = 9*d. What is the remainder when d is divided by 16?
15
Let n be (-6)/(-2) - (-7 - -13). Let s be ((-5)/n)/((-2)/(-6)). Suppose 0 = s*c - 5 - 30. What is the remainder when 18 is divided by c?
4
Let f(x) be the second derivative of 1/6*x**3 + 4*x + 2*x**2 + 0. Calculate the remainder when 32 is divided by f(7).
10
Suppose -k + 119 = -10. What is the remainder when k is divided by 13?
12
Calculate the remainder when (-7348)/(-264) - ((-7)/6)/7 is divided by 18.
10
Suppose -2*r + r + 24 = 0. Let k = -4 + -10. Calculate the remainder when r is divided by (1 + -2 - k) + 0.
11
Let s(x) = x**3 + 8*x**2 + 2*x + 17. Let g be s(-8). Suppose -g = 2*p - 13. What is the remainder when 22 is divided by p?
4
Let q = 84 - 52. Calculate the remainder when 65 is divided by q.
1
Let g(h) = -h**3 - 15*h**2 - h - 1. Let t be g(-15). Let w = t - 11. What is the remainder when 5 is divided by w?
2
Suppose -356*s + 349*s + 378 = 0. What is the remainder when s is divided by 19?
16
Suppose 21*m - 20 